+ 189. Suppose -t + 14 = -0*t. What is the remainder when t is divided by r(-4)?
4
Suppose -4*j + 5*z = -31, j + 4*j = 2*z + 43. What is the remainder when 1 - (1 + -2)*j is divided by (-1)/(-3)*(-3 + 21)?
4
Suppose -7 = 2*x - 3. Calculate the remainder when 52 is divided by (-54)/x*(-8 - -9).
25
Suppose q - 19 = -7. Calculate the remainder when -4 - -36 - (-3 + 1) is divided by q.
10
Suppose 0 = -g - 2*f + 45, g + 0*g + f = 43. Calculate the remainder when g is divided by 7.
6
Let y = 8 + -4. Suppose y*l - 38 = 2*o, -2*l - 26 = -3*l - 5*o. Suppose 3*u + 12 + 5 = q, 3*q - u = 59. Calculate the remainder when q is divided by l.
9
Let l(i) = 2*i + 2*i - i**3 + 7*i**2 + i - 10*i - 2. Calculate the remainder when 11 is divided by l(6).
3
Let r(n) = n**3 - 11*n**2 + 2*n + 2. Let b(t) = -t + 5. Let q be 1 - (1 + -2) - 6. Calculate the remainder when r(11) is divided by b(q).
6
Let c(h) be the first derivative of 3*h**2/2 - 10*h - 3. Suppose v = -2*v + 18. Calculate the remainder when c(9) is divided by v.
5
Let p be (3 + (-28)/4)/(-1). Let i be 57*2/2 + 0. Suppose -o - i = -p*o. What is the remainder when 35 is divided by o?
16
Let j = -14 - -16. Let g be (-2)/((-4)/(-6)) - -1. What is the remainder when (j + -3 + -9)*g is divided by 11?
9
Let o(u) = -u**3 - 4*u**2 - 4. Calculate the remainder when o(-5) is divided by 6.
3
Let d be (-171)/(-6) + (-1)/(-2). Let q = d - 13. Calculate the remainder when (-2)/(-4)*(1 + 91) is divided by q.
14
Let p = -44 - -63. Calculate the remainder when p is divided by 11.
8
Suppose 0 = -4*l + 6*l - 6. Calculate the remainder when l is divided by 2.
1
Suppose 0*k - 5*u - 150 = 2*k, -4*u = -2*k - 150. Let l = k + -55. Let r = l + 185. What is the remainder when r is divided by 19?
17
Suppose -2 - 1 = 3*q, -w = 4*q + 256. Let s = -170 - w. What is the remainder when s is divided by 21?
19
Suppose 0 = -f - 0*f + 11. What is the remainder when 19 is divided by f?
8
Let d be 1*-2 - 7/(-7). Let v(o) = 3*o**2. Let b be v(d). Suppose -2*p - 32 = -m, -2*p = m - b*p - 33. Calculate the remainder when m is divided by 12.
10
Let m be (-3)/((-36)/(-15))*-4. Suppose -2*n = 2*n - m*k - 29, -2*n = 4*k - 34. Suppose 5*j - 155 = -0*j. What is the remainder when j is divided by n?
9
What is the remainder when (1 - (-2 + -2 - -1)) + 33 is divided by 3?
1
Let m(x) = -2*x - 3. Calculate the remainder when (-1)/(-4) + (-396)/(-16) is divided by m(-5).
4
Let x be (-2)/5 + 6/(-10). Let o = x - 17. Let d = 25 + o. Calculate the remainder when d is divided by 3.
1
Suppose -80 = -9*d + 28. Calculate the remainder when 33 is divided by d.
9
Let p(c) be the first derivative of 16/3*c**3 + 2 - c - 1/2*c**2. What is the remainder when p(-1) is divided by 6?
4
Let o(r) = -r**3 + 11*r**2 + r - 3. Let i be o(11). Suppose -i = -3*m + 25. Calculate the remainder when 21 is divided by m.
10
Suppose u = 5*w - 2 - 14, 4*w - 2*u = 14. Let o(g) = 4*g**2 - g - 6. What is the remainder when 52 is divided by o(w)?
25
Let c = 25 - 21. What is the remainder when 24 is divided by c?
0
Suppose -k + 3 + 2 = 0. Let i be (3 - 1 - 1)/(-1). What is the remainder when (4/i)/(4/(-14)) is divided by k?
4
Suppose a = -1 + 3. Let b be 18 + a/4*0. Suppose b = 6*i - 4*i. Calculate the remainder when 26 is divided by i.
8
Let f(o) = -o**2 + 16*o - 9. Calculate the remainder when 54 is divided by f(14).
16
Suppose 0 = -s - 4*s + 425. Calculate the remainder when s is divided by 22.
19
Let l(c) = c + 8. Let g be l(-7). Let f = -1 + g. Suppose -2*t - b + 43 = f, 0 = 3*b - 5 - 4. Calculate the remainder when t is divided by 7.
6
Calculate the remainder when (-5 - (-46)/10) + 207/5 is divided by 22.
19
Suppose p + 0*p - 2 = 0. Let b(s) = 6*s - s**3 + 2*s + 6*s**p + 6 + 2. Calculate the remainder when b(7) is divided by 6.
3
Suppose -5*y + 55 = -0*y. What is the remainder when y is divided by 4*-3*1/(-2)?
5
Let v(w) = -3*w**3 - w**2. Let z be v(-1). Suppose -z*f = -0*f - 16. What is the remainder when 14 is divided by f?
6
Let y = 59 - 32. Calculate the remainder when y is divided by 10.
7
Suppose 5*u - 163 = -2*t + t, t = 5*u - 157. Calculate the remainder when u is divided by 11.
10
What is the remainder when 45 is divided by ((-26)/8)/(2 - 81/36)?
6
Let h be 1/(-3) - (-30)/(-18). Calculate the remainder when 25 - (h - -2)/(-2) is divided by 14.
11
Let n(g) = g**2 - 4*g - 6. What is the remainder when n(-3) is divided by 4?
3
Let a(b) = b**3 + 10*b**2 + 5*b - 7. Calculate the remainder when 57 is divided by a(-9).
28
Let f(z) = -5*z - 3. Suppose -2*u - 31 = -3*x, -7 = -4*u - 3. What is the remainder when f(-7) is divided by x?
10
Let v(l) = -l**3 + 2*l**2 - 4*l. Calculate the remainder when v(-4) is divided by 19.
17
Let i(o) = 21*o + 1. Let j be i(2). Let z = j + -30. Calculate the remainder when z is divided by 7.
6
Let d(p) = 4*p**2 - 3*p - 3. Let f be d(-3). Suppose -3*t = -2*v + v + 28, 2*t - 24 = -2*v. Calculate the remainder when v is divided by 9/((f/4)/7).
4
Suppose -5*s + 37 + 23 = 0. Calculate the remainder when 20 is divided by s.
8
Suppose 0 = 4*v - 4*l - 72, -2*v + 27 = 2*l - 5. Calculate the remainder when v is divided by 6.
5
Suppose y = 2*y. Calculate the remainder when 35 is divided by 16*1 - -2 - y.
17
Suppose -7 = -13*y + 71. What is the remainder when y is divided by 2?
0
Let p = -1 + 3. Let z(j) = -j**3 + 5*j**2 + 7*j - 1. Suppose -3 = -v + 3. Calculate the remainder when z(v) is divided by p.
1
What is the remainder when 85 is divided by ((-248)/(-14) - 0) + 2/7?
13
Let h = 80 + -70. Suppose -2*j - 5*u + 3*u = -2, -5*j - 3*u + 9 = 0. Calculate the remainder when h is divided by j.
1
Let r be 33/9 + (-2)/(-6). Suppose 3*f - 3*p = 126, 3*f - 4*f = -2*p - 43. What is the remainder when f is divided by r/(-3*6/(-99))?
19
Let a(n) = n**3 + 6*n**2 + 5*n + 6. What is the remainder when a(-5) is divided by (8/6)/(44/99)?
0
Let c = -33 - -47. What is the remainder when c is divided by 9?
5
Let k(f) = f**2 - 3*f - 2. Let q be k(5). Suppose q = 2*d + 2. Calculate the remainder when d is divided by 3 + 0 + 0/2.
0
Let g(v) = v**3 - 11*v**2 - 11*v - 7. Let c be g(12). Suppose -4*m = 2*x - 6, 5*m - c*x = 54 - 9. Calculate the remainder when 13 is divided by m.
1
Let w = -99 - -107. What is the remainder when 1/(24/23 - 1) is divided by w?
7
Let d(r) = -r**3 - 7*r**2 - r. Let o(q) = 2*q + 3. Let t be o(-5). What is the remainder when d(t) is divided by 4?
3
Suppose -2*p = 2*p - 4*q - 68, 2*q + 50 = 3*p. Calculate the remainder when p is divided by 7.
2
Let j(k) = 44*k**2 - 2*k + 1. Let c = 7 + -5. Suppose 3*x = b + 50, 1 = c*b + 11. What is the remainder when j(1) is divided by x?
13
Let d(n) = -n**2 - n - 4. Let g be d(-2). Let l(q) = q**2 + 4*q - 2. What is the remainder when 27 is divided by l(g)?
7
Let z = 20 + -20. Suppose 3*n - 120 - 27 = z. What is the remainder when n is divided by 13?
10
Let n(g) = -20*g + 4. Let k be n(-4). Let x = k - 49. Suppose 4*f - q = 57 + 12, -2*f + q + 33 = 0. What is the remainder when x is divided by f?
17
Let a(c) = c**2 + 3*c - 18. Let j(l) = -l**3 + 18 - 5*l + 5*l. What is the remainder when j(0) is divided by a(-7)?
8
Suppose 0 = -2*q - 3*d + 258, 3*d = q + 58 - 196. What is the remainder when q is divided by 28?
20
Let h(w) = w**2 - 2*w + 10. Calculate the remainder when 97 is divided by h(5).
22
Suppose -o - 4*o = -35. Calculate the remainder when o is divided by (-6)/4*(0 - 2).
1
Suppose 2*v + 70 = -0*v. Let k = -19 - v. What is the remainder when 62 is divided by k?
14
Suppose 5*i + 33 - 13 = 0. Suppose s - b = 4, -7*s + 25 = -2*s - 4*b. What is the remainder when 51*(-1)/(1 + i) is divided by s?
8
Let t = -87 - -140. Calculate the remainder when t is divided by 11.
9
Suppose 0 = 3*y - 5*w + 12 + 71, -91 = 3*y - w. Let o = 43 + y. Calculate the remainder when 33 is divided by o.
9
Let x(g) = g**3 - 24*g**2 + 2*g + 24. Calculate the remainder when x(24) is divided by 5.
2
Let c(r) = -6*r - 17. Calculate the remainder when c(-12) is divided by 29.
26
Suppose -29 = 5*y + 46. Suppose 5*k + 17 + 6 = h, 0 = -4*h - k + 113. Let r = y + h. Calculate the remainder when 25 is divided by r.
12
Suppose 3*x - 45 - 54 = 0. What is the remainder when x is divided by 9?
6
Suppose 4*o + 32 = 4*c + o, 3*c - 5*o - 24 = 0. Let t = 5 + c. Calcula